 9
775
Convert -111110110 (base 2) to base 10.
-502
Convert -1010111010001 (base 2) to base 12.
-3295
Convert -3 (base 11) to base 7.
-3
What is 30 (base 11) in base 16?
21
Convert -16806 (base 10) to base 12.
-9886
Convert 4c3b (base 13) to base 5.
321431
What is -13620 (base 7) in base 12?
-21b6
Convert 122021100 (base 3) to base 4.
3010233
What is 10434 (base 7) in base 12?
1626
What is 469 (base 10) in base 4?
13111
3306 (base 14) to base 3
110002220
What is 1050 (base 10) in base 14?
550
Convert -2423 (base 9) to base 11.
-139a
Convert -239 (base 10) to base 14.
-131
Convert -2502 (base 13) to base 8.
-12171
-5622 (base 10) to base 5
-134442
Convert -67421 (base 8) to base 11.
-1a3a9
67773 (base 10) to base 12
33279
What is 873 (base 15) in base 13?
b3a
-65504 (base 7) to base 2
-11111111110010
-54145 (base 7) to base 12
-7957
-18ca9 (base 15) to base 10
-80484
What is ccec (base 15) in base 7?
240411
4040 (base 6) to base 11
738
Convert 12020311 (base 4) to base 2.
110001000110101
Convert -2232032 (base 4) to base 9.
-16258
-1111111 (base 2) to base 6
-331
-4523 (base 10) to base 5
-121043
11b (base 14) to base 11
191
Convert 164677 (base 8) to base 14.
17b43
Convert 457 (base 14) to base 4.
31131
Convert 148 (base 14) to base 5.
2020
-1532 (base 7) to base 10
-611
Convert -6435 (base 8) to base 3.
-11121100
What is -291a (base 14) in base 8?
-16154
Convert 1b2 (base 12) to base 9.
338
What is -154034 (base 6) in base 11?
-10416
723 (base 8) to base 14
255
Convert -3250 (base 9) to base 12.
-1476
What is -5f5 (base 16) in base 9?
-2074
What is 260 (base 7) in base 14?
a0
What is -246 (base 7) in base 10?
-132
Convert -203355 (base 7) to base 2.
-1000100000001110
Convert -234 (base 8) to base 16.
-9c
1101121 (base 3) to base 14
527
Convert 100111 (base 3) to base 12.
194
-100101010001100 (base 2) to base 5
-1102314
Convert 5a (base 14) to base 8.
120
-323333 (base 5) to base 8
-25525
25340 (base 9) to base 3
212101100
What is -4421322 (base 5) in base 8?
-225256
Convert -2531 (base 8) to base 10.
-1369
What is 315 (base 9) in base 4?
10001
-111122221 (base 3) to base 5
-304321
What is -11171 (base 8) in base 16?
-1279
What is 1577 (base 8) in base 5?
12040
Convert 1012 (base 15) to base 10.
3392
Convert -235a (base 12) to base 16.
-f76
Convert -8a1 (base 16) to base 10.
-2209
Convert 5a1 (base 11) to base 16.
2cc
Convert -10064 (base 7) to base 16.
-98f
What is 1000100 (base 3) in base 5?
10423
-295 (base 15) to base 7
-1502
What is 676 (base 13) in base 10?
1111
-2625 (base 9) to base 6
-13035
Convert -11 (base 16) to base 3.
-122
What is -841 (base 10) in base 12?
-5a1
69 (base 10) to base 2
1000101
3ef2 (base 16) to base 7
64660
Convert 1102 (base 3) to base 6.
102
Convert -1ab3 (base 12) to base 5.
-101203
Convert 1101001101110 (base 2) to base 10.
6766
What is 133 (base 5) in base 2?
101011
1579 (base 10) to base 8
3053
What is 27777 (base 9) in base 10?
18862
Convert -1840 (base 10) to base 13.
-ab7
Convert -58 (base 9) to base 3.
-1222
Convert -4638 (base 9) to base 7.
-13010
Convert -85969 (base 10) to base 2.
-10100111111010001
Convert -222011010 (base 3) to base 12.
-b049
Convert bce (base 16) to base 6.
21554
16af (base 16) to base 5
141212
Convert 435 (base 11) to base 5.
4042
Convert -228 (base 9) to base 15.
-c8
-202202 (base 3) to base 8
-1060
What is -305 (base 10) in base 14?
-17b
1200020111 (base 3) to base 5
2023410
Convert -111210 (base 3) to base 16.
-174
What is 1405 (base 8) in base 3?
1001122
-20663 (base 7) to base 13
-2456
5600 (base 15) to base 14
68db
What is -221 (base 10) in base 8?
-335
What is -2112211 (base 4) in base 9?
-14187
What is -11011100100 (base 2) in base 12?
-1030
-30a36 (base 11) to base 12
-22184
52635 (base 9) to base 5
2103111
-45b (base 16) to base 4
-101123
What is 142014 (base 5) in base 6?
43124
Convert -11020122 (base 3) to base 2.
-110000010111
What is -3405 (base 10) in base 16?
-d4d
-1200212 (base 3) to base 11
-a26
-cb (base 14) to base 15
-be
Convert -2186 (base 16) to base 12.
-4b72
10000111000 (base 2) to base 11
8a2
Convert -7b0 (base 14) to base 6.
-11022
3004 (base 7) to base 2
10000001001
Convert -737 (base 8) to base 10.
-479
Convert 13123 (base 4) to base 15.
21a
-1032003 (base 5) to base 9
-26315
Convert -224053 (base 6) to base 8.
-45141
Convert -40 (base 14) to base 10.
-56
Convert 100111101010010 (base 2) to base 15.
603b
-111001001111110 (base 2) to base 13
-10458
What is -12011020 (base 3) in base 13?
-1932
Convert 3235 (base 10) to base 12.
1a57
Convert -1021011 (base 3) to base 16.
-39a
Convert -c8b5 (base 16) to base 4.
-30202311
-3927 (base 13) to base 15
-2630
What is -4a02 (base 11) in base 3?
-22222002
-383 (base 10) to base 16
-17f
Convert 6387 (base 9) to base 5.
122241
Convert -202142 (base 5) to base 12.
-3957
Convert 1477 (base 16) to base 14.
1ca3
What is 1111202 (base 3) in base 9?
1452
Convert -114 (base 7) to base 8.
-74
What is 1010 (base 15) in base 16?
d3e
Convert 13141 (base 9) to base 7.
34564
What is 4040 (base 6) in base 2?
1101111000
What is 74aa (base 13) in base 7?
65134
Convert -230 (base 14) to base 16.
-1b2
Convert 117374 (base 8) to base 10.
40700
10da (base 16) to base 13
1c6b
Convert -50151 (base 7) to base 8.
-27472
Convert 235 (base 6) to base 7.
164
-884b (base 13) to base 4
-10220233
-935 (base 11) to base 12
-79b
Convert -236 (base 10) to base 8.
-354
What is -180c (base 15) in base 3?
-21010010
-da51 (base 16) to base 11
-38a99
What is -110211222 (base 3) in base 4?
-2102120
64bd (base 14) to base 6
212343
What is 21121 (base 4) in base 13?
373
Convert -342243 (base 5) to base 7.
-50364
What is 110110110111 (base 2) in base 4?
312313
-224430 (base 6) to base 16
-4ae2
What is -21670 (base 9) in base 15?
-4400
Convert 52146 (base 7) to base 9.
18463
What is 10111 (base 3) in base 4?
1132
What is -102321 (base 4) in base 10?
-1209
Convert -2230 (base 14) to base 13.
-2907
-1c8 (base 15) to base 5
-3123
What is -37009 (base 11) in base 5?
-3200444
Convert 12777 (base 11) to base 14.
6906
431020 (base 5) to base 2
11100010101110
Convert -53 (base 15) to base 8.
-116
Convert 4041 (base 6) to base 3.
1012221
-10022 (base 3) to base 9
-108
Convert -445 (base 14) to base 7.
-2315
Convert -144430 (base 5) to base 3.
-22120010
What is -74d6 (base 14) in base 2?
-100111011010100
8547 (base 13) to base 5
1042410
Convert -494 (base 10) to base 14.
-274
What is -3115 (base 7) in base 11?
-901
-21020001 (base 3) to base 12
-306a
Convert -15a (base 14) to base 15.
-136
What is 35a86 (base 12) in base 10?
72390
What is ae9 (base 15) in base 11?
1945
-130232 (base 4) to base 10
-1838
What is -12206 (base 7) in base 10?
-3191
What is 432f (base 16) in base 11?
11a16
What is -35124 (base 12) in base 6?
-1304444
What is -1004045 (base 6) in base 11?
-327a7
Convert -221152 (base 6) to base 13.
-8507
What is 2306 (base 7) in base 9?
1132
What is -c2e (base 15) in base 5?
-41434
Convert -444343 (base 6) to base 9.
-56130
-243 (base 5) to base 6
-201
What is 132122 (base 5) in base 13?
2539
What is -203c (base 13) in base 6?
-32325
Convert 1044300 (base 5) to base 4.
10210030
Convert 471 (base 12) to base 7.
1633
What is 202 (base 12) in base 14?
16a
Convert -133 (base 4) to base 15.
-21
Convert -22a89 (base 12) to base 15.
-db83
-100011101 (base 2) to base 8
-435
Convert -22165 (base 8) to base 11.
-7015
What is 7165 (base 11) in base 13?
4436
Convert 4f2 (base 16) to base 9.
1656
What is -100201 (base 4) in base 6?
-4521
Convert -1595 (base 10) to base 15.
-715
-63553 (base 8) to base 13
-c087
What is -34232 (base 5) in base 4?
-212022
What is -132230 (base 4) in base 16?
-7ac
What is -21301 (base 6) in base 13?
-1435
Convert -2b7e (base 16) to base 9.
-16241
What is -1110000110111100 (base 2) in base 3?
-2221021022
What is -423 (base 5) in base 3?
-11012
What is 1211220000 (base 3) in base 14?
d37b
What is 1001101001 (base 2) in base 14?
321
Convert -11110222 (base 3) to base 15.
-e7b
What is 12214 (base 6) in base 5?
24220
3122 (base 7) to base 8
2106
Convert -1a36 (base 16) to base 13.
-3092
What is 200066 (base 7) in base 10?
33662
What is 2210202111 (base 3) in base 14?
161ac
Convert 167 (base 16) to base 9.
438
What is 242533 (base 6) in base 